ppose -r + 120 = r. Let j = 277 + -270. Suppose -j*n + r = -n. Calculate the remainder when 37 is divided by n.
7
Calculate the remainder when 2742 is divided by (-247234)/910*-5 - (-8)/14.
24
Let r(f) = f**3 - 2*f**2 + 4*f - 7. Let x be ((-2)/(-4))/(3/18). Let l be r(x). Let t(c) = -2*c + 30. What is the remainder when t(l) is divided by 2?
0
Let f(v) = v**3 + 8*v**2 - 11*v - 23. Let m be f(-9). Let g = 4 - m. Let q = g - 4. Calculate the remainder when q is divided by 4.
1
Let s = -18 - -15. Let h = s - -12. Let g = -3873 + 3895. What is the remainder when g is divided by h?
4
Let v(n) = n**3 + 5*n**2 - 37*n + 17. Suppose 22 = -49*w + 316. What is the remainder when v(w) is divided by 88?
15
Let r be (1/(2/68))/(-3 - -1). Let j = -69 - r. Let q = 2 - j. Calculate the remainder when q is divided by 8.
6
Let p = -10749 + 12592. What is the remainder when p is divided by 15?
13
Let f(k) = 60*k**3 + 4*k**2 + 10*k + 5. Let b be f(-2). Let v = b - -508. What is the remainder when 577 is divided by v?
26
Suppose 0 = 3*l + 5*h + 46, -6*l + 10*l - 5*h + 38 = 0. Let a(w) = w**3 + 12*w**2 - 4*w - 33. What is the remainder when (-2)/(-5) + 1089/15 is divided by a(l)?
13
Let x(a) = a**3 - 9*a**2 - 18*a - 44. Let k be x(11). What is the remainder when ((-5 - k)/5)/((-6)/96) is divided by ((-2)/(-3))/((-4)/(-30))?
1
Let q = -4007 - -4050. Calculate the remainder when q is divided by 9.
7
Let y = 13 - 10. Let w = -10 - y. What is the remainder when 847/13 - (-2)/w - 4 is divided by 8?
5
Calculate the remainder when 7634 is divided by 2/57 - (-160370)/798.
197
Let q(g) = -g + 15. Suppose 10 = a - 125. Calculate the remainder when a is divided by q(-2).
16
Suppose -3*a = -2*i + 208, -5*i + 3*a - 197 = -717. Calculate the remainder when 816 is divided by i.
88
Let d = 64 + -66. Let q(n) = 18*n - 5. Calculate the remainder when q(4) is divided by 38 - ((d/1 - -1) + 1).
29
Let c = 15 + -11. Let m = -320892 - -320920. What is the remainder when m is divided by c?
0
Suppose 0 = -5*d + y + 7, 4*y = -d + 14 - 0. Suppose -s + d*u = -3*u - 111, 3*s - 2*u = 281. Calculate the remainder when s is divided by 28.
7
Suppose -b + 2*x - 1 = -33, 3*b - x = 81. Suppose 8*f = 3*f + 365. What is the remainder when f is divided by b?
21
What is the remainder when 1557 is divided by ((-5)/(-15) - 20/15)/((-7)/273)?
36
Let h = -82 - -81. Let p = h + 48. Calculate the remainder when p is divided by 17.
13
Let v(b) = b**2 - 49*b - 72. Calculate the remainder when 557 is divided by v(53).
137
Let a = 60 + -58. Suppose a = 9*w - 11*w. Calculate the remainder when 77 is divided by 31 + 16/(-3 + w).
23
Let i = 603 + -485. Suppose -2*h - 4*f + i = f, 4*f = h - 46. What is the remainder when 375 is divided by h?
51
Suppose -3*a - 33 = -3*l - 6*a, -5*a = -20. Let f(p) = -p - l - 10 + 13. What is the remainder when f(-21) is divided by 5?
2
Suppose -5*r = 9*r + 532. Calculate the remainder when 4/r + (-69479)/(-323) + 0 is divided by 27.
26
Suppose -2*h = 4*k - 114, 221 = 15*h - 11*h + k. What is the remainder when 872 is divided by h?
47
Suppose -4 + 2 = -w. Suppose -w*r - 19 = -5*q, 4*r - 1 = -q - 6. Suppose q*k + 2*k - 175 = 0. Calculate the remainder when k is divided by 19.
16
Let o = -2584 + 2658. Calculate the remainder when 1842 is divided by o.
66
Let x(k) = -k**3 + 5*k**2 - 3*k. Let b be x(4). Suppose -3*i = 39 - 42. What is the remainder when 37 is divided by i - -15 - b/((-4)/(-3))?
11
Suppose 225435 = 209*t + 3268. Calculate the remainder when t is divided by 354.
1
Let d be -3*(0 - -4)/4. Calculate the remainder when 2/d - (-7520)/30 is divided by 2/3 + (-572)/(-33).
16
Suppose 3*p + 1 = a - 3*a, -2*p = 4*a + 14. Suppose 3*z + 13 = 7*o - p*o, 2*z = 2*o - 6. Calculate the remainder when 43 is divided by o.
3
Let g be (-3725)/(-20) - 36/(-48). Suppose 21*i - 1048 + g = 0. Suppose -x - u = -69 - 90, 3*u - 638 = -4*x. Calculate the remainder when x is divided by i.
38
Let u = 438 - 285. Let r = u - 106. Suppose 5*d = 2*d + 39. Calculate the remainder when r is divided by d.
8
Suppose -53 + 209 = 4*l. Suppose 26*s = 219*s + 5973 - 21992. Calculate the remainder when s is divided by l.
5
Suppose 8358 = 45*i - 3972. Calculate the remainder when i is divided by 97.
80
Let l = 23 + -7. Suppose 216 = 59*b - 256. Calculate the remainder when l is divided by b.
0
Let t(x) = x**3 + 7*x**2 - 57*x - 24. Let i(v) = v**3 + 6*v**2 - 59*v - 24. Let f(p) = 2*i(p) - 3*t(p). Calculate the remainder when f(-13) is divided by 2.
1
Let z(f) = -f**2 + 6*f + 1. Let l be z(4). Let r = l + -5. Suppose -7*u + 258 = -r*u. Calculate the remainder when u is divided by 29.
28
Let h = 11 - -136. Suppose 21 = -7*d + h. What is the remainder when (-4008)/(-32) + 2/(-8) is divided by d?
17
Let g(y) = y**3 + 69*y**2 - 203*y - 18. What is the remainder when 7579 is divided by g(3)?
19
Suppose 1270 = 2*n + 2*s - 1478, 4*n - 5460 = 2*s. What is the remainder when n is divided by 105?
3
Let x be (2/(-5))/((-1)/(-30)). Calculate the remainder when (-1704)/(-66) + x/(-66) is divided by 4.
2
Let f(j) = -j**3 + 35*j**2 - 8*j - 161. Let r be f(35). Let a = r - -488. Calculate the remainder when a is divided by 16.
15
Let d = -8 - -21. Let j = -638 - -635. Let s(k) = 37*k + 115. What is the remainder when d is divided by s(j)?
1
Suppose -27*x + 1140 = 33. Suppose -62 + x = -b. What is the remainder when 45 is divided by b?
3
Suppose -342 = 13*x + 25*x. What is the remainder when (-4482)/(-21) - x/(-21) is divided by 54?
51
Suppose -2*c = -6*c + 8. Suppose 3*n + 67 = c*t + 2*n, 0 = -5*t + 4*n + 169. What is the remainder when 460 is divided by t?
31
Let y(q) = 5*q**2 - 11*q + 37. Suppose -23 = -19*w + 34. Calculate the remainder when y(w) is divided by 22.
5
Let b be (2 - (-9)/(-2))*(-7 + 13). Calculate the remainder when 26 is divided by b*(-5 + 44/12).
6
Suppose -144 = -4*m + 4*y, 2*m - 54*y + 59*y - 51 = 0. Calculate the remainder when 393 is divided by m.
30
Let p(n) = 7*n**2 + 2443*n + 4880. What is the remainder when 3954 is divided by p(-2)?
16
Let i = 215 + -91. Let f be ((-15)/(-6))/(-5)*i. Let k = f - -112. What is the remainder when k is divided by 26?
24
Let s(w) = 6*w**2 - 32*w + 6. Suppose -59*r + 53*r = -36. Calculate the remainder when s(r) is divided by 19.
11
Let l = 5873 + -5773. What is the remainder when 408 is divided by l?
8
Let g be 30/(0 - (-2)/(-8)). Calculate the remainder when (2 - g) + 4 + 0/1 is divided by 26.
22
Suppose 18*s + n = 20*s - 11, -n - 3 = 0. What is the remainder when 53 is divided by s/((-20)/3) + 5964/140?
11
Let z(b) = -b**2 - b + 201. Let h(n) = n**3 - 135*n**2 - 316*n + 5806. What is the remainder when z(0) is divided by h(137)?
45
Suppose 8*w - 81 = -w. Let d = -3 + w. Suppose 0 = -f + d*f - 115. Calculate the remainder when 89 is divided by f.
20
Suppose x - 44 = -3*a + 74, -5*x - 5*a = -580. Suppose -103*q = -98*q + x. Let y = q - -50. What is the remainder when 53 is divided by y?
26
Suppose 5*z - a - 3*a = 16, -2*a = -2. What is the remainder when 238 is divided by (((-8)/z)/6)/(1/(-48))?
14
Suppose -15*q - 7281 = -39*q - 1809. Calculate the remainder when 532 is divided by q.
76
Suppose n = 3*y + 36 - 65, -5*y + 3*n = -51. What is the remainder when 1735 is divided by y?
7
Let s = 282429 + -282418. Let n = -3 - -11. Suppose 3*k - 5*d + 0*d - 37 = 0, 4*d + n = -3*k. What is the remainder when s is divided by k?
3
Suppose 5*c + 3 = 18. Suppose -c*j + 1 = n, 35 = 6*j - j - 5*n. What is the remainder when 173 is divided by 41 + 1 - (0 - j)?
41
Suppose a - 4*c - 107 = 93, -2*a = 2*c - 360. Calculate the remainder when a is divided by (-1311)/(-33) + 30/110 + 42/6.
43
Suppose -5*w = f - 38, f = 4*f + 3*w - 126. What is the remainder when f is divided by 38?
5
Suppose -2*p + 76 = 16. Let d(s) = -6*s - 26. Let u be d(-7). Suppose 1977 = u*v + 617. What is the remainder when v is divided by p?
25
Suppose 7*d - 4*d - 640 = 5*z, -1078 = -5*d - 3*z. What is the remainder when d is divided by 52740/1758 - (-24)/1?
53
Calculate the remainder when 562 is divided by 2*((-187)/(-34))/((-4)/(-44)).
78
Let u = 5599 + -5456. Calculate the remainder when 876 is divided by u.
18
Let q be (-14 - 2)*((-70)/8 + -6). Suppose -50 = -q*r + 235*r. Let n = -37 + 55. What is the remainder when r is 